{"id":2585,"date":"2024-08-21T04:09:05","date_gmt":"2024-08-21T04:09:05","guid":{"rendered":"https:\/\/graciaypazeduca.cl\/colegiovaldivia\/?page_id=2585"},"modified":"2024-11-05T20:11:29","modified_gmt":"2024-11-05T20:11:29","slug":"sellos-institucionales","status":"publish","type":"page","link":"https:\/\/graciaypazeduca.cl\/colegiovaldivia\/index.php\/sellos-institucionales\/","title":{"rendered":"Sellos institucionales"},"content":{"rendered":"<div class=\"fusion-fullwidth fullwidth-box fusion-builder-row-1 fusion-flex-container has-pattern-background has-mask-background nonhundred-percent-fullwidth non-hundred-percent-height-scrolling\" style=\"--awb-border-radius-top-left:0px;--awb-border-radius-top-right:0px;--awb-border-radius-bottom-right:0px;--awb-border-radius-bottom-left:0px;--awb-flex-wrap:wrap;\" ><div class=\"fusion-builder-row fusion-row fusion-flex-align-items-flex-start fusion-flex-content-wrap\" style=\"max-width:1248px;margin-left: calc(-4% \/ 2 );margin-right: calc(-4% \/ 2 );\"><div class=\"fusion-layout-column fusion_builder_column fusion-builder-column-0 fusion_builder_column_1_1 1_1 fusion-flex-column\" style=\"--awb-bg-size:cover;--awb-width-large:100%;--awb-margin-top-large:0px;--awb-spacing-right-large:1.92%;--awb-margin-bottom-large:20px;--awb-spacing-left-large:1.92%;--awb-width-medium:100%;--awb-order-medium:0;--awb-spacing-right-medium:1.92%;--awb-spacing-left-medium:1.92%;--awb-width-small:100%;--awb-order-small:0;--awb-spacing-right-small:1.92%;--awb-spacing-left-small:1.92%;\"><div class=\"fusion-column-wrapper fusion-column-has-shadow fusion-flex-justify-content-flex-start fusion-content-layout-column\"><div class=\"fusion-text fusion-text-1\"><ol>\n<li><strong> Colegio Valdivia<\/strong><\/li>\n<\/ol>\n<p>Sellos:<\/p>\n<p>Tres sellos fundamentales que sustentan nuestra labor educativa:<\/p>\n<ul>\n<li><strong>Liderazgo: <\/strong>Buscamos desarrollar en nuestros ni\u00f1os y ni\u00f1as habilidades blandas como la empat\u00eda, el trabajo colaborativo y la escucha activa.<\/li>\n<li><strong>Medio ambiente:<\/strong> Trabajamos para que ni\u00f1os y ni\u00f1as sean capaces de admirar su entorno directo y crecer en el respeto por el medio ambiente y el cuidado del planeta.<\/li>\n<li><strong>Familiaridad:<\/strong> Nos esforzamos por generar un ambiente familiar y cercano, sin perder de vista el desarrollo de la autonom\u00eda, todos elementos necesarios para un adecuado espacio de aprendizaje.<\/li>\n<\/ul>\n<\/div><\/div><\/div><\/div><\/div>\n","protected":false},"excerpt":{"rendered":"","protected":false},"author":1,"featured_media":0,"parent":0,"menu_order":0,"comment_status":"closed","ping_status":"closed","template":"100-width.php","meta":{"_monsterinsights_skip_tracking":false,"_monsterinsights_sitenote_active":false,"_monsterinsights_sitenote_note":"","_monsterinsights_sitenote_category":0,"footnotes":""},"class_list":["post-2585","page","type-page","status-publish","hentry"],"aioseo_notices":[],"_links":{"self":[{"href":"https:\/\/graciaypazeduca.cl\/colegiovaldivia\/index.php\/wp-json\/wp\/v2\/pages\/2585","targetHints":{"allow":["GET"]}}],"collection":[{"href":"https:\/\/graciaypazeduca.cl\/colegiovaldivia\/index.php\/wp-json\/wp\/v2\/pages"}],"about":[{"href":"https:\/\/graciaypazeduca.cl\/colegiovaldivia\/index.php\/wp-json\/wp\/v2\/types\/page"}],"author":[{"embeddable":true,"href":"https:\/\/graciaypazeduca.cl\/colegiovaldivia\/index.php\/wp-json\/wp\/v2\/users\/1"}],"replies":[{"embeddable":true,"href":"https:\/\/graciaypazeduca.cl\/colegiovaldivia\/index.php\/wp-json\/wp\/v2\/comments?post=2585"}],"version-history":[{"count":5,"href":"https:\/\/graciaypazeduca.cl\/colegiovaldivia\/index.php\/wp-json\/wp\/v2\/pages\/2585\/revisions"}],"predecessor-version":[{"id":2972,"href":"https:\/\/graciaypazeduca.cl\/colegiovaldivia\/index.php\/wp-json\/wp\/v2\/pages\/2585\/revisions\/2972"}],"wp:attachment":[{"href":"https:\/\/graciaypazeduca.cl\/colegiovaldivia\/index.php\/wp-json\/wp\/v2\/media?parent=2585"}],"curies":[{"name":"wp","href":"https:\/\/api.w.org\/{rel}","templated":true}]}}